(-2 + 0). Suppose -a*t + 2 = -194. What is the tens digit of t?
4
What is the hundreds digit of (-5547)/(-18) + 10/(-60)?
3
Let c = -6 - -4. Let x(q) = 0 - 8 + 6 - 33*q - 2. What is the tens digit of x(c)?
6
Let d be 1/(3 + -1 + -1). Suppose -1 - d = -h. What is the tens digit of (-462)/(-18) - h/(-6)?
2
Let q(u) = u - 1. Let l(k) = k**2 + 5*k - 42. Let a = -26 - -32. Let c(o) = a*q(o) - l(o). What is the units digit of c(0)?
6
Suppose 3*t - 3*l = t + 34, -t = -l - 18. Let s be 190/9 - 9/81. Let h = t + s. What is the tens digit of h?
4
Suppose -t - 8 = -1. Let s(d) be the first derivative of -d**2 + 11*d + 95. What is the units digit of s(t)?
5
Suppose 4*f = z + 32, -6 - 2 = 4*f. Let w = z + 78. What is the tens digit of w?
3
Let y = -47 + 48. What is the units digit of (2 + y)*3*(-104)/(-18)?
2
Suppose 5*f + 5 = -h, -f - 3*f - 8 = 0. Suppose h*o - 2*o = 231. What is the tens digit of o?
7
Suppose -2*m - 256 = -5*i, -5*m - 15 = -0*m. Suppose 122 + i = 4*b. What is the units digit of b?
3
Suppose 2*d = -9 + 1, -5*n + 2*d = -5218. What is the units digit of n?
2
Suppose -4*f + 4*j + 5620 = 0, -5*j = 2*f - 3*f + 1413. What is the units digit of f?
3
Suppose -14*z + 7625 = 11*z. What is the hundreds digit of z?
3
Suppose -5*i = -854 - 911. What is the hundreds digit of i?
3
Let t = -64 + 109. Let y = t + -25. What is the tens digit of y?
2
Let n be 2*(-4 - (-45)/(-6)). Let d = 48 + n. What is the tens digit of d?
2
What is the units digit of 2*2*1477/28?
1
Let w = -73 - -122. Suppose 6*m - 265 = -w. What is the tens digit of m?
3
Let w = -21 - -23. Suppose 0 = 2*z + n - 140, -z = -0*z + w*n - 67. What is the units digit of z?
1
Let m(o) = -o**3 + 17*o**2 - 16*o + 40. What is the units digit of m(16)?
0
Suppose 0 = 5*s, -160 = 5*d + 4*s - 2*s. Let k = -11 - d. What is the tens digit of k?
2
Let p(h) = 177*h**3 + 2*h + 2. Let r be p(-1). Let o = 0 - r. What is the hundreds digit of o?
1
Let f(v) = -v**3 + 13*v**2 + 5*v - 29. What is the units digit of f(13)?
6
Suppose 3*s + 1 = -x + 15, -5*s + 35 = 4*x. Suppose x*h - 188 = 157. What is the tens digit of h?
6
Let j(b) = -3*b**3 + 19*b**2 - 7*b + 16. What is the tens digit of j(-6)?
9
Let m(t) = t + 16. Let a be m(-13). Suppose 4*n - 35 = a*n. Suppose -n + 5 = -h. What is the tens digit of h?
3
Suppose 7 + 1 = -4*v. Let n be (-1 + -2)/(1 + v). Suppose -g - 86 = -5*o, -12 = n*o - g - 62. What is the units digit of o?
8
Let k = -116 + 230. Let w be (3/4)/(7/28). Suppose 0 = w*r - k + 6. What is the tens digit of r?
3
Suppose -m - 5*w = -53, -m + 4*w = -0*w - 17. Let a be 4*2/4 - 21. Let b = a + m. What is the tens digit of b?
1
Let w be (-7092)/45*490/(-4). What is the units digit of (-2)/9 - w/(-126)?
3
Let i(m) = 8*m**2 - 30*m + 11. What is the tens digit of i(6)?
1
What is the tens digit of (4/(-2))/((-676)/337 + 2)?
3
Let d be 6/2*(4495/15 - 3). Suppose -9*o - o = -d. What is the units digit of o?
9
Let k(o) = 2*o + 3. Let h be k(2). Suppose -2*q + h*q - 10 = 0. What is the units digit of -8 + q + 2 + 5?
1
Let h(y) = 3*y**2 + 3*y - 3. Let p be (-6)/(-3) - 1/(-3 - -2). What is the units digit of h(p)?
3
Let o(i) = i**3 - 13*i**2. Let j be o(13). Suppose -2*y - 4*q + 173 = y, q + 4 = j. What is the units digit of y?
3
What is the hundreds digit of (-14)/(-6) + -3 - (-47990)/30?
5
Suppose 4*o = 5 - 13. Let l be (-79)/(-1) + o/(-2). Let a = -40 + l. What is the tens digit of a?
4
Let h be -4*(-1)/6*3. Suppose -10 = z + j - 3*j, -h*j = 3*z - 2. What is the units digit of (3 + z - -3) + 4?
8
Suppose s - 84 = -11*s. Suppose -3*a - s*a = -300. What is the units digit of a?
0
Let i(s) = 5*s**3 - 61*s**2 + 69*s - 80. Let o(v) = -v**3 + 15*v**2 - 17*v + 20. Let j(d) = 2*i(d) + 9*o(d). What is the tens digit of j(-14)?
3
Let i(w) = 37*w**2 - w + 1. Let v be i(1). Suppose -j + 148 - v = 0. What is the hundreds digit of j?
1
Let c(u) = 2*u**2 + 17*u + 9. Let s(m) = -3*m**2 - 18*m - 9. Let j(b) = -4*c(b) - 3*s(b). What is the tens digit of j(19)?
8
Let n(m) = -6*m. Let b be n(-3). Suppose -o + 91 = 2*h + b, -o = 5*h - 61. What is the units digit of o?
1
What is the hundreds digit of (33/(-9))/(4/(-3012))?
7
Let k = -608 + 975. What is the hundreds digit of k?
3
Suppose 2*a + 3*z = 5, -4*a = -8*a + z + 45. Let v = -12 + a. What is the units digit of 0/(-3 - v) - -8?
8
Let z(v) be the first derivative of 28*v - 1/2*v**2 + 4. What is the tens digit of z(8)?
2
Let t(s) be the first derivative of 6 + 2*s + 2/3*s**3 + 3/2*s**2. What is the tens digit of t(3)?
2
Let d = -290 + 498. What is the hundreds digit of d?
2
Suppose 0 = -4*h - 5*p + 26, -3*p + 4 = 4*h - 18. Let z = 0 - -2. Suppose -m + 14 = h*m + 3*f, -m + 7 = z*f. What is the units digit of m?
1
Let b(m) = -m**2 - 11*m - 8. Let i be -5 - 2 - (-1 + 4). Let r be b(i). Suppose 3*v - 2*c - r*c = 72, -4*v = c - 77. What is the tens digit of v?
2
Suppose -q + 3*z = 2, -6*z + 4*z + 8 = q. Let t(b) = 2*b**2 - 5*b - 5. What is the units digit of t(q)?
7
Let i(s) = 3*s**2 + 6*s. Let c be i(-7). Let t be (c + -1)*(-2 - -3). Suppose 0 = -3*d + 7*d - 2*x - t, 4*d - 110 = -x. What is the tens digit of d?
2
Let n be (4 + -2)/(1/(-340)). What is the units digit of n/(-16) - (-9)/(-6)?
1
Let n(y) = 3*y + 21. Let t be n(-8). Let h be t/(-4 - (-9)/3). Suppose -5*q + 199 = h*v - q, -3*v = q - 205. What is the units digit of v?
9
Let a(u) = -3*u - 4 - u - 10 + u**3 - 3*u**2 + 11*u. Let z be a(6). Suppose -79 = -5*d + z. What is the units digit of d?
3
Suppose -94 = -6*l + 56. Let w(p) = -p**3 - 7*p**2 - 5*p + 6. Let t be w(-6). Suppose o + 4 - l = t. What is the units digit of o?
1
Suppose -3*x + 22823 = 5*t, 0 = -2*t - 92*x + 88*x + 9118. What is the units digit of t?
7
Suppose 30 = 2*o + 16. Suppose -9*l + 258 = -o*l. What is the tens digit of l?
2
Let o = 5852 + -3266. What is the hundreds digit of o?
5
Let h(l) = 2*l**2 + 20*l + 4. Let j(y) = y**3 - 3*y + 2. Let b be j(-3). What is the tens digit of h(b)?
9
Let s = 256 - 146. Let q = s - 18. What is the units digit of q?
2
Suppose -h + 2*i + 1869 = 0, 4*i + 8539 = 4*h + 1071. What is the tens digit of h?
6
Let v = 56 - 53. Suppose 0 = -k - 3*w + 76, v*k + 4*w = 3*w + 196. What is the tens digit of k?
6
Suppose 0 = -3*a + 159 - 21. Let f be (-5)/(-1 + (-3)/(-2)). Let x = f + a. What is the units digit of x?
6
Let t = -4229 - -6138. What is the units digit of t?
9
Let v = 36 - 45. Let k(y) = -y**3 - 8*y**2 - 3*y - 21. What is the units digit of k(v)?
7
Let k(r) = -197*r**3 - r**2 + 1. Let f be (-3 - 9/(-6))*(-6)/(-9). What is the hundreds digit of k(f)?
1
Let n = 1329 - 731. What is the tens digit of n?
9
Let d(v) = 0*v - 6 + 2 - v**2 + 4*v - 5*v. Let k(c) = -c**2 - 2*c - 8. Let u(w) = -11*d(w) + 6*k(w). What is the tens digit of u(3)?
3
Suppose x - 6*x = 8*x. Suppose x = 5*z - 5, 0 = 5*l + z - 0*z - 771. What is the units digit of l?
4
Suppose -53*o = -35*o - 27054. What is the hundreds digit of o?
5
Suppose -8*o + 13325 = 4357. What is the units digit of o?
1
Suppose 0 = 16*a + 5*a - 20538. What is the hundreds digit of a?
9
Let a(b) = -b**2 - 73*b + 40. What is the tens digit of a(-31)?
4
Let g(v) = 133*v + 1025. What is the thousands digit of g(38)?
6
Suppose -5*v = -3*p - 397, 5*v - 233 = 2*p + 160. What is the tens digit of v?
7
Let s = -1980 - -2967. What is the tens digit of s?
8
Let s = 738 + -342. What is the tens digit of s?
9
Let r(h) be the third derivative of h**4/24 + h**3/2 - 12*h**2. Let v be r(0). Suppose -v*l = -50 - 79. What is the tens digit of l?
4
Suppose 6*k = 1950 - 480. Let w = -160 + k. What is the units digit of w?
5
Let z be 6/9 - (-4)/(12/(-59)). Let h = z - -68. What is the tens digit of h?
4
Let i be 0 + (-28)/((-16)/4). Suppose i + 8 = 3*b. Suppose -2*p - 5*z + 16 = 2*p, 3*p - 47 = b*z. What is the units digit of p?
9
Let v(h) = -h**3 + 11*h**2 + 8*h - 6. Let t(q) = -4*q**3 + 33*q**2 + 25*q - 18. Let l(s) = 2*t(s) - 7*v(s). What is the units digit of l(-11)?
2
What is the tens digit of (-10 - (-1803 + -9)) + 13?
1
Let n(w) = 6*w**3 - 10*w**2 - 3*w + 12. What is the hundreds digit of n(4)?
2
Let x(t) = 189*t + 21. What is the tens digit of x(12)?
8
Suppose 0 = -0*d + 4*d - 24. Suppose -131 + d = -l. What is the units digit of l?
5
Let p(l) = 14 - l + 18 + 18 - 15. What is the tens digit of p(-